{"id":397,"date":"2022-01-17T00:00:46","date_gmt":"2022-01-16T23:00:46","guid":{"rendered":"https:\/\/boadecals.wordpress.com\/?page_id=120"},"modified":"2022-03-30T22:38:50","modified_gmt":"2022-03-30T20:38:50","slug":"https-boadecals-wordpress-com-gallery","status":"publish","type":"page","link":"https:\/\/boadecals.com\/?page_id=397","title":{"rendered":"GALLERY"},"content":{"rendered":"<nav class=\"has-text-color has-background-color has-background has-secondary-background-color has-large-font-size is-responsive items-justified-center alignfull wp-block-navigation is-content-justification-center is-layout-flex wp-container-core-navigation-is-layout-16018d1d wp-block-navigation-is-layout-flex\" aria-label=\"gallery\" \n\t\t data-wp-interactive=\"core\/navigation\" data-wp-context='{\"overlayOpenedBy\":{\"click\":false,\"hover\":false,\"focus\":false},\"type\":\"overlay\",\"roleAttribute\":\"\",\"ariaLabel\":\"Menu\"}'><button aria-haspopup=\"dialog\" aria-label=\"Otev\u0159\u00edt menu\" class=\"wp-block-navigation__responsive-container-open\" \n\t\t\t\tdata-wp-on--click=\"actions.openMenuOnClick\"\n\t\t\t\tdata-wp-on--keydown=\"actions.handleMenuKeydown\"\n\t\t\t><svg width=\"24\" height=\"24\" xmlns=\"http:\/\/www.w3.org\/2000\/svg\" viewBox=\"0 0 24 24\" aria-hidden=\"true\" focusable=\"false\"><path d=\"M4 7.5h16v1.5H4z\"><\/path><path d=\"M4 15h16v1.5H4z\"><\/path><\/svg><\/button>\n\t\t\t\t<div class=\"wp-block-navigation__responsive-container\"  id=\"modal-1\" \n\t\t\t\tdata-wp-class--has-modal-open=\"state.isMenuOpen\"\n\t\t\t\tdata-wp-class--is-menu-open=\"state.isMenuOpen\"\n\t\t\t\tdata-wp-watch=\"callbacks.initMenu\"\n\t\t\t\tdata-wp-on--keydown=\"actions.handleMenuKeydown\"\n\t\t\t\tdata-wp-on--focusout=\"actions.handleMenuFocusout\"\n\t\t\t\ttabindex=\"-1\"\n\t\t\t>\n\t\t\t\t\t<div class=\"wp-block-navigation__responsive-close\" tabindex=\"-1\">\n\t\t\t\t\t\t<div class=\"wp-block-navigation__responsive-dialog\" \n\t\t\t\tdata-wp-bind--aria-modal=\"state.ariaModal\"\n\t\t\t\tdata-wp-bind--aria-label=\"state.ariaLabel\"\n\t\t\t\tdata-wp-bind--role=\"state.roleAttribute\"\n\t\t\t>\n\t\t\t\t\t\t\t<button aria-label=\"Zav\u0159\u00edt menu\" class=\"wp-block-navigation__responsive-container-close\" \n\t\t\t\tdata-wp-on--click=\"actions.closeMenuOnClick\"\n\t\t\t><svg xmlns=\"http:\/\/www.w3.org\/2000\/svg\" viewBox=\"0 0 24 24\" width=\"24\" height=\"24\" aria-hidden=\"true\" focusable=\"false\"><path d=\"m13.06 12 6.47-6.47-1.06-1.06L12 10.94 5.53 4.47 4.47 5.53 10.94 12l-6.47 6.47 1.06 1.06L12 13.06l6.47 6.47 1.06-1.06L13.06 12Z\"><\/path><\/svg><\/button>\n\t\t\t\t\t\t\t<div class=\"wp-block-navigation__responsive-container-content\" \n\t\t\t\tdata-wp-watch=\"callbacks.focusFirstElement\"\n\t\t\t id=\"modal-1-content\">\n\t\t\t\t\t\t\t\t\n\t\t\t\t\t\t\t<\/div>\n\t\t\t\t\t\t<\/div>\n\t\t\t\t\t<\/div>\n\t\t\t\t<\/div><\/nav>\n\n\n<figure class=\"wp-block-image alignwide size-large\"><img decoding=\"async\" src=\"https:\/\/boadecals.files.wordpress.com\/2022\/01\/14414.jpg?w=750\" alt=\"\" class=\"wp-image-152 mBox\" \/><figcaption><strong>Fokker 100.   model by Jedrek<\/strong><\/figcaption><\/figure>\n\n\n\n<figure class=\"wp-block-image alignwide size-large\"><img decoding=\"async\" src=\"https:\/\/boadecals.files.wordpress.com\/2022\/01\/14406.jpg?w=750\" alt=\"\" class=\"wp-image-151 mBox\" \/><figcaption><strong>Boeing B737-300.    model by Oleg<\/strong> Kolach<\/figcaption><\/figure>\n\n\n\n<figure class=\"wp-block-image alignwide size-large\"><img loading=\"lazy\" decoding=\"async\" width=\"1276\" height=\"713\" src=\"https:\/\/boadecals.files.wordpress.com\/2022\/01\/14403.jpg?w=750\" alt=\"\" class=\"wp-image-150 mBox\" srcset=\"https:\/\/boadecals.com\/wp-content\/uploads\/2022\/01\/14403.jpg 1276w, https:\/\/boadecals.com\/wp-content\/uploads\/2022\/01\/14403-300x168.jpg 300w, https:\/\/boadecals.com\/wp-content\/uploads\/2022\/01\/14403-700x391.jpg 700w, https:\/\/boadecals.com\/wp-content\/uploads\/2022\/01\/14403-768x429.jpg 768w, https:\/\/boadecals.com\/wp-content\/uploads\/2022\/01\/14403-1200x671.jpg 1200w\" sizes=\"auto, (max-width: 1276px) 100vw, 1276px\" \/><figcaption><strong>Boeing B737-300.    model by <\/strong>Petko Karamitev<\/figcaption><\/figure>\n\n\n\n<figure class=\"wp-block-image alignwide size-large\"><img decoding=\"async\" src=\"https:\/\/boadecals.files.wordpress.com\/2022\/01\/14401.jpg?w=750\" alt=\"\" class=\"wp-image-149 mBox\" \/><figcaption><strong>Boeing B737-300.    model by <\/strong>Marco Coldewey<\/figcaption><\/figure>\n\n\n\n<figure class=\"wp-block-image alignwide size-large\"><img decoding=\"async\" src=\"https:\/\/boadecals.files.wordpress.com\/2022\/01\/14418-3.jpg?w=750\" alt=\"\" class=\"wp-image-696 mBox\" \/><figcaption><strong>Airbus A319    model by Zdravko Lenac<\/strong><\/figcaption><\/figure>\n\n\n\n<figure class=\"wp-block-image alignwide size-large\"><img decoding=\"async\" src=\"https:\/\/boadecals.files.wordpress.com\/2022\/01\/14429-4.jpg?w=750\" alt=\"\" class=\"wp-image-697 mBox\" \/><figcaption><strong>Tupolev Tu-154M     model by Petko Karamitev<\/strong><\/figcaption><\/figure>\n\n\n\n<figure class=\"wp-block-image alignwide size-large\"><img decoding=\"async\" src=\"https:\/\/boadecals.files.wordpress.com\/2022\/01\/14435-2.jpg?w=750\" alt=\"\" class=\"wp-image-698 mBox\" \/><figcaption><strong>Douglas DC9     model by Jedrek<\/strong><\/figcaption><\/figure>\n\n\n\n<figure class=\"wp-block-image alignwide size-large\"><img decoding=\"async\" src=\"https:\/\/boadecals.files.wordpress.com\/2022\/01\/14440-1.jpg?w=750\" alt=\"\" class=\"wp-image-699 mBox\" \/><figcaption><strong>Boeing B737-800  <strong>    model by Jedrek<\/strong><\/strong><\/figcaption><\/figure>\n\n\n\n<figure class=\"wp-block-image alignwide size-large\"><img decoding=\"async\" src=\"https:\/\/boadecals.files.wordpress.com\/2022\/01\/14454-1.jpg?w=750\" alt=\"\" class=\"wp-image-700 mBox\" \/><figcaption><strong>Airbus A320    <strong>    model by Jedrek<\/strong><\/strong><\/figcaption><\/figure>\n\n\n\n<figure class=\"wp-block-image alignwide size-large\"><img decoding=\"async\" src=\"https:\/\/boadecals.files.wordpress.com\/2022\/01\/14472-2.jpg?w=750\" alt=\"\" class=\"wp-image-701 mBox\" \/><figcaption><strong>Bristol Britannia    <strong>    model by Jedrek<\/strong><\/strong><\/figcaption><\/figure>\n\n\n\n<figure class=\"wp-block-image alignwide size-large\"><img decoding=\"async\" src=\"https:\/\/boadecals.files.wordpress.com\/2022\/01\/14475-1.jpg?w=750\" alt=\"\" class=\"wp-image-702 mBox\" \/><figcaption><strong>Boeing B737-800    <strong> model by Jedrek<\/strong><\/strong><\/figcaption><\/figure>\n\n\n\n<figure class=\"wp-block-image alignwide size-large\"><img decoding=\"async\" src=\"https:\/\/boadecals.files.wordpress.com\/2022\/01\/cu154.jpg?w=750\" alt=\"\" class=\"wp-image-703 mBox\" \/><figcaption><strong>Tupolev Tu-154M       model by Ji\u0159\u00ed Bode\u010dek<\/strong><\/figcaption><\/figure>\n\n\n\n<figure class=\"wp-block-image alignwide size-large\"><img decoding=\"async\" src=\"https:\/\/boadecals.files.wordpress.com\/2022\/01\/dc9.jpg?w=750\" alt=\"\" class=\"wp-image-704 mBox\" \/><figcaption><strong>Douglas DC9       model by Ji\u0159\u00ed Bode\u010dek<\/strong><\/figcaption><\/figure>\n\n\n\n<figure class=\"wp-block-image alignwide size-large\"><img decoding=\"async\" src=\"https:\/\/boadecals.files.wordpress.com\/2022\/01\/dsc_0291w.jpg?w=750\" alt=\"\" class=\"wp-image-705 mBox\" \/><figcaption><strong>Boeing B737-300.    model by <\/strong>Vlado  Begera<\/figcaption><\/figure>\n\n\n\n<figure class=\"wp-block-image alignwide size-large\"><img decoding=\"async\" src=\"https:\/\/boadecals.files.wordpress.com\/2022\/01\/dscf0709.jpg?w=750\" alt=\"\" class=\"wp-image-706 mBox\" \/><figcaption><strong>CL-204 Challenger      model by Zdravko Lenac<\/strong><\/figcaption><\/figure>\n\n\n\n<figure class=\"wp-block-image alignwide size-large\"><img decoding=\"async\" src=\"https:\/\/boadecals.files.wordpress.com\/2022\/01\/dscf0714.jpg?w=750\" alt=\"\" class=\"wp-image-707 mBox\" \/><figcaption><strong>Airbus A320    model by Zdravko Lenac<\/strong><\/figcaption><\/figure>\n\n\n\n<figure class=\"wp-block-image alignwide size-large\"><img decoding=\"async\" src=\"https:\/\/boadecals.files.wordpress.com\/2022\/01\/f-100-002.jpg?w=750\" alt=\"\" class=\"wp-image-708 mBox\" \/><figcaption><strong>Fokker 100      model by Vlado Begera<\/strong><\/figcaption><\/figure>\n\n\n\n<figure class=\"wp-block-image alignwide size-large\"><img decoding=\"async\" src=\"https:\/\/boadecals.files.wordpress.com\/2022\/01\/tu154-028.jpg?w=750\" alt=\"\" class=\"wp-image-709 mBox\" \/><figcaption><strong>Tupolev Tu 104M     model by Vlado Begera<\/strong><\/figcaption><\/figure>\n\n\n<nav class=\"is-responsive items-justified-center alignfull wp-block-navigation is-content-justification-center is-layout-flex wp-container-core-navigation-is-layout-16018d1d wp-block-navigation-is-layout-flex\" aria-label=\"gallery 2\" \n\t\t data-wp-interactive=\"core\/navigation\" data-wp-context='{\"overlayOpenedBy\":{\"click\":false,\"hover\":false,\"focus\":false},\"type\":\"overlay\",\"roleAttribute\":\"\",\"ariaLabel\":\"Menu\"}'><button aria-haspopup=\"dialog\" aria-label=\"Otev\u0159\u00edt menu\" class=\"wp-block-navigation__responsive-container-open\" \n\t\t\t\tdata-wp-on--click=\"actions.openMenuOnClick\"\n\t\t\t\tdata-wp-on--keydown=\"actions.handleMenuKeydown\"\n\t\t\t><svg width=\"24\" height=\"24\" xmlns=\"http:\/\/www.w3.org\/2000\/svg\" viewBox=\"0 0 24 24\" aria-hidden=\"true\" focusable=\"false\"><path d=\"M4 7.5h16v1.5H4z\"><\/path><path d=\"M4 15h16v1.5H4z\"><\/path><\/svg><\/button>\n\t\t\t\t<div class=\"wp-block-navigation__responsive-container\"  id=\"modal-2\" \n\t\t\t\tdata-wp-class--has-modal-open=\"state.isMenuOpen\"\n\t\t\t\tdata-wp-class--is-menu-open=\"state.isMenuOpen\"\n\t\t\t\tdata-wp-watch=\"callbacks.initMenu\"\n\t\t\t\tdata-wp-on--keydown=\"actions.handleMenuKeydown\"\n\t\t\t\tdata-wp-on--focusout=\"actions.handleMenuFocusout\"\n\t\t\t\ttabindex=\"-1\"\n\t\t\t>\n\t\t\t\t\t<div class=\"wp-block-navigation__responsive-close\" tabindex=\"-1\">\n\t\t\t\t\t\t<div class=\"wp-block-navigation__responsive-dialog\" \n\t\t\t\tdata-wp-bind--aria-modal=\"state.ariaModal\"\n\t\t\t\tdata-wp-bind--aria-label=\"state.ariaLabel\"\n\t\t\t\tdata-wp-bind--role=\"state.roleAttribute\"\n\t\t\t>\n\t\t\t\t\t\t\t<button aria-label=\"Zav\u0159\u00edt menu\" class=\"wp-block-navigation__responsive-container-close\" \n\t\t\t\tdata-wp-on--click=\"actions.closeMenuOnClick\"\n\t\t\t><svg xmlns=\"http:\/\/www.w3.org\/2000\/svg\" viewBox=\"0 0 24 24\" width=\"24\" height=\"24\" aria-hidden=\"true\" focusable=\"false\"><path d=\"m13.06 12 6.47-6.47-1.06-1.06L12 10.94 5.53 4.47 4.47 5.53 10.94 12l-6.47 6.47 1.06 1.06L12 13.06l6.47 6.47 1.06-1.06L13.06 12Z\"><\/path><\/svg><\/button>\n\t\t\t\t\t\t\t<div class=\"wp-block-navigation__responsive-container-content\" \n\t\t\t\tdata-wp-watch=\"callbacks.focusFirstElement\"\n\t\t\t id=\"modal-2-content\">\n\t\t\t\t\t\t\t\t\n\t\t\t\t\t\t\t<\/div>\n\t\t\t\t\t\t<\/div>\n\t\t\t\t\t<\/div>\n\t\t\t\t<\/div><\/nav>\n\n\n<p><\/p>\n","protected":false},"excerpt":{"rendered":"","protected":false},"author":1,"featured_media":152,"parent":0,"menu_order":4,"comment_status":"closed","ping_status":"closed","template":"","meta":{"footnotes":""},"class_list":["post-397","page","type-page","status-publish","has-post-thumbnail","hentry"],"_links":{"self":[{"href":"https:\/\/boadecals.com\/index.php?rest_route=\/wp\/v2\/pages\/397","targetHints":{"allow":["GET"]}}],"collection":[{"href":"https:\/\/boadecals.com\/index.php?rest_route=\/wp\/v2\/pages"}],"about":[{"href":"https:\/\/boadecals.com\/index.php?rest_route=\/wp\/v2\/types\/page"}],"author":[{"embeddable":true,"href":"https:\/\/boadecals.com\/index.php?rest_route=\/wp\/v2\/users\/1"}],"replies":[{"embeddable":true,"href":"https:\/\/boadecals.com\/index.php?rest_route=%2Fwp%2Fv2%2Fcomments&post=397"}],"version-history":[{"count":2,"href":"https:\/\/boadecals.com\/index.php?rest_route=\/wp\/v2\/pages\/397\/revisions"}],"predecessor-version":[{"id":489,"href":"https:\/\/boadecals.com\/index.php?rest_route=\/wp\/v2\/pages\/397\/revisions\/489"}],"wp:featuredmedia":[{"embeddable":true,"href":"https:\/\/boadecals.com\/index.php?rest_route=\/"}],"wp:attachment":[{"href":"https:\/\/boadecals.com\/index.php?rest_route=%2Fwp%2Fv2%2Fmedia&parent=397"}],"curies":[{"name":"wp","href":"https:\/\/api.w.org\/{rel}","templated":true}]}}